
9
What is the value of 0 - (7 + -8 + 15 - 8)?
-6
What is -7 + -11 + 7 - (-7 + 5)?
-9
Calculate (7 - -24) + -17 + -13.
1
What is (3 - ((-16 - -6) + 6)) + 1 + 2?
10
What is 12 + 24 + -32 + 14?
18
What is the value of 4 + 3 - 12 - -10?
5
What is -2 + (4 - -13 - (4 + -2))?
13
Evaluate 30 + -16 + -34 + 19.
-1
Evaluate -164 - -170 - (35 - 2).
-27
Evaluate 9 + -2 - (2 - -6).
-1
What is the value of (26 - (-34 - -109)) + 21?
-28
-3 - (-9 + 0 - (22 + -11))
17
Calculate (-23 - (4 + -13)) + 7.
-7
-5 + (3 - (7 - -9))
-18
Evaluate -8 + (-29 - (-15 + 4 + -3)).
-23
What is the value of -176 + 178 - (3 - -2 - 2)?
-1
What is 14 + (33 - 17) - 27?
3
Calculate (1 + 7 - 0) + 15 + (20 - 37).
6
What is the value of (-1 - -4) + 967 + -958?
12
Evaluate -114 + 121 + -39 - (-2 - (-1 - 0)).
-31
(14 - 0) + -15 + 3
2
Evaluate 14 + -21 + (11 + -22 - -19).
1
Calculate -2 - (-55 + 23 + 9 + 6 + 1).
14
Calculate -23 + (11 - 8) - (-4 - -3 - 6).
-13
Calculate (-62 - (6 - 66)) + 0 + -11.
-13
Calculate 0 + (-37 - -67) + 1 + -19.
12
18 - (14 + (-19 - -13))
10
(-20 - -21) + (17 - (3 - (-2 + 4)))
17
What is -2 + -27 - (217 + -232)?
-14
What is the value of 21 - (-21 + -25 + 60)?
7
Evaluate (-90 - -107) + -2 + 2 + -7.
10
What is the value of 14 + 8 + -32 + (-9 - -26)?
7
What is the value of (3 - 2) + -1 + (2 - (1 + 4))?
-3
(-31 + -21 - -32) + 5
-15
Evaluate 8 - 9 - -4 - (-8 + (-10 - 8)).
29
What is the value of -18 + -24 + 41 + -12?
-13
Evaluate (-2 - -1 - (-9 - (-4 - -3))) + -16.
-9
18 + 0 + (10 - 10) + -5 + -7
6
(3 - -1 - (2 - -16)) + -3
-17
Evaluate -9 + 18 + (-5 - (-5 - -26)).
-17
Calculate (14 - (-7 - -9)) + 0 - (7 + -1).
6
Evaluate 0 + -1 - ((3 - -7) + -17).
6
Calculate -4 - (-2 + (-6 - -3 - 1)).
2
Calculate ((6 - 1) + -52 + 49 - -16) + -3.
15
What is the value of 8 + (-32 - (22 - 43))?
-3
Evaluate (13 - -19) + -24 + -1 + -7.
0
What is 2 - (2 + 0 - -4 - 1) - -5?
2
Calculate (-27 + 0 - -36) + 7 + 1.
17
Evaluate -5 + 4 + -2 + (-2 - -4) - -4.
3
Calculate 1 + -21 + 3 - -14.
-3
Evaluate (6 - 5 - -2 - 20) + -19 + 8.
-28
What is the value of (2 + -5 - -4) + (6 - (-4 + -2))?
13
Evaluate -14 + (7 - (-42 + 23)).
12
What is -8 + 17 + -11 + -6?
-8
Calculate -14 + 5 + (3 + (2 - 9) - 6).
-19
Calculate (-4 + 23 - 16) + -8.
-5
Evaluate (-1 - -2) + (-3 - (-12 - -1) - -22).
31
(-1 - -27) + (-7 - (1 + 4) - -6)
20
Evaluate -51 + (5 - -14 - (-10 - -17)).
-39
(11 - -31) + -39 - (-12 + 0)
15
-21 - (-8 + (-5 - -12) + -6)
-14
Calculate 15 - ((-17 - -14) + (4 - (4 + -4))).
14
Evaluate -358 - -347 - ((1 - 7) + -2).
-3
-28 + 7 + (4 - 6 - (-5 + 2))
-20
What is 16 + -10 + (-12 - (-15 + 9) - -12)?
12
-1 + (-15 + 7 - (6 + -10))
-5
What is -9 + 3 - 6 - 0?
-12
(8 - (-8 + 11)) + 5 + -6 + -24
-20
Calculate (5 - (50 - 18)) + (6 - (1 - 3)).
-19
(18 + -2 - 9 - (0 + -7)) + 5
19
Calculate 7 - (48 - (6 - (-8 - -6))) - -6.
-27
What is the value of -8 + 8 + 1 - 5?
-4
What is (15 + -15 - (6 + -2)) + (-21 - -1)?
-24
2 - (14 - (-3 + 5)) - (-200 - -209)
-19
Calculate 15 + -27 - (3 + -1 - -7).
-21
9 - (-3 + (-1 - -3)) - (-5 + 11)
4
What is the value of 53 + (96 - 89) + (-1 - 25)?
34
Calculate -4 + (7 - 14 - (4 - (24 + -2))).
7
19 + -19 + 0 + 12
12
What is 62 + -62 - (10 - 1)?
-9
What is the value of (3 - 6) + -14 + (11 - 1)?
-7
Evaluate 34 - 35 - (-9 + -2 + 4).
6
Calculate -20 + -3 + -17 + 1.
-39
What is -1 + (-9 - (0 + -36)) - -1?
27
What is 8 + (-4 - -26) + -2 + 8 + -10?
26
Evaluate -1 + 3 + 0 - (-77 - -106) - -8.
-19
Calculate 13 + 23 + 1 + -33.
4
What is the value of 26 + 22 + -29 - -13?
32
Evaluate 7 - (4 + (-14 - -12)).
5
Calculate -28 + (-31 - -39 - -52).
32
Calculate 21 + -25 + 20 - (-2 - -2).
16
(13 - 5) + (6 - -2)
16
What is the value of 548 + -572 + (-1 - -18)?
-7
24 + 4 + -30 + (-2 - -8)
4
Calculate -8 - (92 + -89 - (1 - (-3 + -26))).
19
Evaluate 9 - -1 - (37 - (17 - -27)).
17
What is 0 + (-13 - -8) + -2 + -4 + -2?
-13
Evaluate -3 + 11 + 29 + -44.
-7
Evaluate (-2 - -1) + -13 - (-50 + 42).
-6
-22 + 44 - -6 - -4
32
8 + 11 + -3 + -18 + 8 + 7
13
-3 + (2 - 8) + 2 + 5 + -2
-4
Calculate 18 - ((-4 - (-9 - 10)) + 0).
3
Evaluate 30 - (2 - 11 - -2 - -13).
24
(-180 - -186) + (2 - (-3 - -38))
-27
(-20 - -5) + -1 + (10 - (10 - 4))
-12
Calculate 28 - (-2 - 24) - 37.
17
Calculate 1 - (1 + -2 - -4) - 3.
-5
What is the value of 0 + (-1 - -7 - -1) + (-30 - -6)?
-17
What is the value of 24 + -51 - -26 - (-3 - 0)?
2
What is the value of -5 + 20 + (6 - 9) + (-2 - 0)?
10
Calculate -15 + (8 - -36) + -2 + -6.
21
Calculate -251 + 243 + 18 + 0 - 25.
-15
What is (-13 - (7 - 6)) + 3 + 4?
-7
Evaluate (-2 - (0 + 7)) + -4 - -24.
11
-57 + 53 + (2 - -21)
19
-8 - (15 - 14 - 11)
2
Evaluate 5 - 9 - (5 + 17 + -38).
12
Evaluate (13 - (-25 - -5 - -33)) + -18 + 0.
-18
Calculate 4 + -22 - (-37 + 10).
9
Evaluate -79 + -18 + 65 - (0 - (-3 - -4)).
-31
Evaluate -14 + (7 - (1 - (-8 - -18)) - 8).
-6
Calculate 13 + -2 + -1 + (-6 - -3 - -1).
8
Evaluate 16 + 2 + (5 - (-3 + 4 + 2)).
20
What is 11 + 7 + (-19 - -24)?
23
(2 - 2) + 13 + (-11 - -5)
7
Evaluate (-10 - -3) + -5 + -10.
-22
Calculate -1 + 17 - (-2 + (-26 - -16 - -19)).
9
What is -44 - (-19 - 10 - -10)?
-25
What is 20 + -4 + -14 - -13?
15
What is 42 + -132 + 30 - -33?
-27
Calculate 10 - ((-5 + 0 - 0) + (88 - 77)).
4
Evaluate (-7 - 4) + (-11 + 17 - -2) - -2.
-1
What is (1 - -4) + (-9 - -5) + -10 + -1?
-10
30 + -2 + (-4 - (-7 + -12) - 15)
28
Calculate 1 + (0 - 1) + (-44 - -54).
10
Evaluate 38 + -36 + -1 + -9 - -11.
3
Calculate 29 + -14 - (-9 + 2 + 4).
18
What is the value of 0 - 17 - (-34 - 26 - -47)?
-4
Calculate -6 + (15 - 3) - (15 - -3).
-12
-4 + 0 - (-7 - (8 + -4))
7
-3 - (15 + (-9 - (5 - 5)))
-9
Evaluate (23 - (31 - -22)) + 51.
21
-2 + (-9 - (-28 + -1 + 4))
14
What is the value of -30 + 31 - (-10 - (-1 + 2))?
12
What is (-1 - -17) + 27 + (-58 - -23)?
8
What is -2 + -10 + (-4 - (6 + -17)) + 21?
16
What is the value of (-3 - -13) + -7 - 3 - -8?
8
-16 - (-43 + -23 + 39)
11
Calculate 3 + (-3 - -7 - (30 + -16)).
-7
What is the value of -4 + 2 + (4 - (-9 - (-15 - -8)))?
4
Evaluate 3 + (-13 + 7 - (3 - -3)).
-9
1 + 0 - -2 - (-491 + 498)
-4
-3 + -9 + 8 + (-12 - -2)
-14
Calculate 5 + 1 + -5 + -2 + -4 + 6.
1
-10 + -8 - -13 - (-1 - 30)
26
Evaluate 2 + 0 + 5 - (510 + -502) - -11.
10
1 - (-18 + -30 + 23)
26
Evaluate (113 - 103) + -2 + -21 + 12 + -3.
-4
(17 + 9 - -11) + (-18 - -19)
38
What is the value of 4 - (-1 + 0 - (2 - 10)) - -16?
13
Calculate 11 - (-30 - -58) - (5 - 0).
-22
What is 8 + -1 - (-4 + 4) - 13?
-6
Evaluate 18 + (16 - 6 - 4) + -6 + -2.
16
13 + -31 - 15 - -14
-19
(-5 - -14) + (0 + 2 - (-63 + 63))
11
8 + (-1 + -4 - (0 + (4 - -8)))
-9
Evaluate (17 - (10 + 2 + 24)) + 1 + 4.
-14
(-12 - -7 - -7) + (-4 - -10)
8
-3 - (3 + 6 - 25)
13
Calculate -13 + -18 + (29 - 10).
-12
-2 - (0 + -6 + (13 - 12))
3
What is (-3 - (1 + -2 - 2)) + (11 - 12)?
-1
Evaluate -5 + 11 - ((3 - (-5 + 7)) + -3).
8
What is 30 - 10 - (3 + -18 + 20)?
15
Calculate (2 - (-4 - -8)) + 6 + -12.
-8
(-132 - -135) + (-17 + 1 - -1)
-12
Evaluate 58 + -50 + (-1 - 11).
-4
Calculate -5 + 24 - 8 - (-5 - -44).
-28
Evaluate -1 + 2 - (-5 - (3 + -2)).
7
What is the value of 40 + -48 - (8 + -7)?
-9
(50 - 74) + 2 + 4
-18
What is the value of (-2 - -13) + 6 + -31 + 4?
-10
Evaluate 3 - (9 + -24 + 28).
-10
Calculate 64 + (1 - 32) - 10.
23
Evaluate -1 - -14 - (8 + 7).
-2
Evaluate -1 + (-4 - -8) + 10 + -8.
5
What is (-1 - -2) + (-3 - 2 - (0 + -2))?
-2
What is (-5 - -5) + -3 + (4 - -4 - 18)?
-13
(14 + -3 - 9 - -3) + 6
11
What is 1 - (-18 + (30 - 13))?
2
Evaluate 0 - 9 - (0 + -6) - (2 + -2).
-3
What is (84 - 92) + 17 + 2?
11
Calculate 3 - (8 + 0) - (37 - 36).
-6
Calculate -5 + (-1 + 1 - -54) + 37 + -49.
37
Calculate -3 + (24 - 23) - 0.
-2
Calculate -248 - -240 - (-2 - 1).
-5
Evaluate -2 - ((-7 - -7) + 4 - 4).
-2
Calculate -4 + 8 + 29 + (165 - 174).
24
Calculate (81 - 62) + -8 + 6.
17
Calculate 4 + (-4 - (13 - 8)).
-5
What is -3 - ((4 - 1) + -3) - 9?
-12
What is the value of (-67 + 41 - -23) + -21 + 0 + 2?
-22
What is (-27 - -17) + 12 + 1?
3
Calculate (-60 - (-22 + -11)) + -6 + 2.
-31
Evaluate -14 + -2 + (-9 - 6) + 14.
-17
(2 - (10 + 0)) + 8 + -3 + 10
7
Calculate 1 + 5 - 2 - (-3 - -22 - -1).
-16
Calculate -16 + (-16 - -17) - -14.
-1
Calculate (-1 - (-15 + -2 + 3)) + 6.
19
-83 + 73 - (-7 - 1) - 12
-14
Calculate 3 - (0 + 4) - (1 - 0).
-2
What is the value of 0 - (-2 + 0) -